(-4)?
42
Let z(t) = 8*t - 187. Determine z(23).
-3
Let u(t) = 1102*t + 3295. What is u(-3)?
-11
Let a(c) = -8*c**3 + 7*c**2 - 13*c. What is a(2)?
-62
Let h(u) = 8*u**2 - 194*u - 194. Calculate h(-1).
8
Let y(b) = b**2 - 54*b - 1573. Calculate y(75).
2
Let r(c) = 6*c**3 - 21*c**2 + 7*c - 20. Determine r(4).
56
Let j(y) = 229*y - 71679. Determine j(313).
-2
Let c(i) = -17*i + 252. Calculate c(15).
-3
Let o(l) = -l**2 - 1179*l + 7108. Give o(6).
-2
Let i(p) = -20*p**2 + 48*p - 343. Calculate i(6).
-775
Let o(h) = h**2 + 1938*h + 77784. Determine o(-41).
7
Let y(f) = 8*f**3 + 135*f**2 - 25*f - 103. Determine y(-17).
33
Let y(g) = -g**2 + 186*g + 11798. Give y(-50).
-2
Let a(i) = -i**3 - 22*i**2 - 7*i + 24. Determine a(-22).
178
Let d(y) = -4*y**2 + 30*y - 37. What is d(5)?
13
Let l(b) = 25*b**3 + b + 3. What is l(2)?
205
Let p(j) = -4*j**3 + 33*j**2 + 2*j - 23. Calculate p(9).
-248
Let o(x) = -61*x + 9032. What is o(148)?
4
Let r(b) = b**3 + 11*b**2 + 66*b + 7. Determine r(-6).
-209
Let l(r) = -45*r + 35. What is l(0)?
35
Let a(y) = -85*y + 3784. Give a(45).
-41
Let j(h) = -44*h**3 + 63*h**2 + 7*h - 6. Give j(1).
20
Let c(s) = -32*s - 98. Determine c(-5).
62
Let k(d) = 2*d**2 - 40*d - 268. Calculate k(26).
44
Let k(v) = 16*v**3 + 15*v**2 - 3*v - 5. Determine k(2).
177
Let x(m) = -145*m + 5740. Give x(41).
-205
Let w(r) = 2*r - 97. Determine w(7).
-83
Let q(a) = 119*a**2 - 709*a - 23. Determine q(6).
7
Let f(v) = 44*v - 180. Give f(4).
-4
Let y(n) = 4*n**3 + 68*n**2 + 13*n + 3. Determine y(-17).
-218
Let i(n) = -n + 75. What is i(21)?
54
Let p(m) = -m**2 - 56*m - 93. What is p(-52)?
115
Let h(l) = -4644*l - 32503. Determine h(-7).
5
Let n(j) = j**2 + 41*j + 397. What is n(-14)?
19
Let l(k) = -k**3 - 45*k**2. What is l(-45)?
0
Let h(x) = -20*x + 1468. Determine h(74).
-12
Let w(q) = 2*q**3 - 3*q**2 - 316*q - 935. Determine w(-3).
-68
Let s(n) = 2*n**2 - 44*n + 187. Calculate s(5).
17
Let l(u) = 2*u**2 - 42*u - 266. What is l(26)?
-6
Let k(c) = 7*c**2 - 213*c - 134. Determine k(31).
-10
Let j(q) = -2371*q + 7103. Give j(3).
-10
Let p(t) = 18*t - 85. Determine p(3).
-31
Let f(a) = -a**3 + a**2 - 3*a + 57. Determine f(5).
-58
Let y(i) = -12*i + 3. Give y(1).
-9
Let i(x) = -45*x + 46. What is i(1)?
1
Let x(r) = -8*r - 276. Determine x(-17).
-140
Let l(t) = 412*t - 2111. Give l(5).
-51
Let i(w) = -181*w - 6152. What is i(-34)?
2
Let v(a) = -5*a**2 + 1454*a + 21337. What is v(-14)?
1
Let t(z) = 513*z - 3006. Give t(6).
72
Let y(l) = l**2 + 84*l - 10556. Calculate y(69).
1
Let c(t) = -2*t**2 - 4195*t - 25100. Calculate c(-6).
-2
Let j(a) = 105*a**2 - 18*a + 5. Calculate j(-3).
1004
Let o(i) = -12*i - 8. What is o(0)?
-8
Let x(f) = -117*f - 5000. Calculate x(-43).
31
Let h(d) = d**2 + 42*d - 342. Give h(-49).
1
Let y(q) = 72*q + 56. Determine y(-5).
-304
Let p(g) = g**3 - 6*g**2 - 3*g + 12. What is p(6)?
-6
Let a(r) = 6*r**2 - 23*r + 6. What is a(3)?
-9
Let o(m) = -46*m**3 - 8*m**2 + 9*m - 1. Determine o(1).
-46
Let q(r) = -3*r**3 + 65*r - 6. What is q(-5)?
44
Let j(n) = 2*n**2 + 27*n + 42. Give j(-3).
-21
Let q(m) = m**3 + 70*m**2 - 6*m - 442. Determine q(-70).
-22
Let p(n) = -8*n**2 - 126*n - 493. Give p(-8).
3
Let l(s) = 9*s**2 - 97*s - 5. Determine l(11).
17
Let i(k) = -20*k - 158. Calculate i(-17).
182
Let w(s) = -s**2 - 243*s + 987. Give w(4).
-1
Let p(r) = -r**2 - 34*r + 154. Calculate p(-38).
2
Let p(n) = 333*n + 2337. Determine p(-7).
6
Let w(y) = 5*y**3 - y**2 - 16*y + 40. Calculate w(3).
118
Let j(l) = -98*l**2 + 3*l - 1. What is j(1)?
-96
Let g(b) = b**3 + 96*b**2 + 203*b + 1409. What is g(-94)?
-1
Let c(t) = -17*t - 1045. Give c(-61).
-8
Let k(u) = 633*u + 3152. What is k(-5)?
-13
Let h(i) = i**2 + 66*i - 210. Calculate h(-69).
-3
Let a(h) = -h**2 - 28*h - 93. Give a(-23).
22
Let l(x) = -1228*x + 11055. Calculate l(9).
3
Let r(q) = -4*q**2 + 9*q + 10. Determine r(-8).
-318
Let n(p) = -p**2 - 25*p - 45. Give n(-25).
-45
Let k(u) = 1002*u - 997. Give k(1).
5
Let q(o) = -o**2 - 1349*o - 307102. Calculate q(-290).
8
Let q(y) = -y**3 + 24*y**2 - 21*y - 50. Determine q(23).
-4
Let s(q) = 106*q - 501. Determine s(4).
-77
Let g(b) = 3539*b - 14158. Give g(4).
-2
Let b(u) = -2*u**3 - 21*u**2 + 17*u - 5. Determine b(-11).
-71
Let l(z) = -z**2 + 38*z - 357. Give l(26).
-45
Let q(l) = 36*l + 445. What is q(-7)?
193
Let y(q) = 2*q**2 - 58*q + 267. What is y(23)?
-9
Let o(v) = -v**3 - 48*v**2 - 75*v + 777. Give o(-46).
-5
Let a(m) = m**3 - 20*m**2 - 19*m + 426. What is a(20)?
46
Let f(n) = 49*n - 8866. Give f(181).
3
Let j(t) = -145*t + 1097. Determine j(7).
82
Let b(n) = n**2 - 2*n - 28. Calculate b(7).
7
Let z(u) = -1331*u - 1. Give z(0).
-1
Let b(s) = 2*s**2 + 52*s + 325. What is b(-14)?
-11
Let d(k) = 173*k - 86. Calculate d(-1).
-259
Let g(t) = 3*t**2 - 55*t - 210. What is g(-4)?
58
Let d(h) = 2*h**3 + 3*h**2 - h - 2. What is d(2)?
24
Let q(n) = -4*n**2 + 179*n - 912. Give q(5).
-117
Let i(g) = g**3 - 305*g**2 + 362*g - 17633. Determine i(304).
-1
Let l(v) = -104*v**3 + 2*v**2 + 5*v + 4. What is l(-1)?
105
Let k(h) = -15*h + 1006. What is k(29)?
571
Let k(b) = -b**2 - 2*b - 28. Calculate k(-4).
-36
Let w(h) = -3*h + 13. Determine w(12).
-23
Let b(q) = -q**3 + 11*q**2 - 28*q + 50. Determine b(5).
60
Let n(z) = -251*z + 5266. What is n(21)?
-5
Let k(m) = 2*m**2 + 103*m + 1225. Determine k(-19).
-10
Let w(h) = 131*h - 1368. What is w(11)?
73
Let o(f) = 59*f**2 + 1642*f - 277. Determine o(-28).
3
Let p(f) = -f**3 - 22*f**2 + 41*f + 93. What is p(-22)?
-809
Let i(w) = -w**2 - 29*w - 148. Determine i(-7).
6
Let r(l) = 2*l**3 - 12*l**2 + 3*l - 20. What is r(5)?
-55
Let c(o) = -o**2 - 15*o - 154. Give c(-12).
-118
Let m(j) = -10*j**2 + 115*j - 280. Determine m(7).
35
Let r(y) = 3*y - 33. Calculate r(13).
6
Let d(z) = -z**3 - 31*z**2 - 85*z - 42. Determine d(-28).
-14
Let g(s) = -s**3 + 32*s**2 + 70*s - 32. Calculate g(34).
36
Let n(r) = r**3 + 39*r**2 - 322*r + 14. What is n(-46)?
14
Let z(b) = b**3 - 15*b**2 - 5*b + 224. Determine z(15).
149
Let p(u) = u**2 - 377*u - 1528. Calculate p(-4).
-4
Let f(s) = 24*s + 121. What is f(-13)?
-191
Let o(a) = 3*a**3 + 8*a**2 - 2*a + 4. Give o(-4).
-52
Let a(x) = x**3 - 27*x**2 + 105*x - 1369. Determine a(25).
6
Let p(t) = 30*t**3 - 3*t**2 + 3. Determine p(-1).
-30
Let u(n) = 92*n - 1292. Calculate u(14).
-4
Let i(j) = -7*j**2 + 13*j + 6. What is i(4)?
-54
Let p(z) = 4*z**3 - 12*z**2 - 32*z + 3. What is p(-4)?
-317
Let l(n) = 143*n - 9003. What is l(63)?
6
Let m(w) = -3*w**2 + 369*w - 2200. Determine m(6).
-94
Let g(d) = -330*d - 7582. What is g(-23)?
8
Let n(q) = -19*q + 235. Give n(9).
64
Let q(v) = -529*v + 2638. Give q(5).
-7
Let c(d) = 4904*d + 29410. Determine c(-6).
-14
Let u(r) = r**2 + 12*r - 218. Give u(11).
35
Let u(b) = -b**3 - 12*b**2 + 33*b - 188. Give u(-15).
-8
Let f(h) = h**3 + 9*h**2 - 11*h + 108. Give f(-11).
-13
Let l(c) = 45*c - 1123. Calculate l(17).
-358
Let f(a) = -2*a**3 + 15*a + 6. Calculate f(-5).
181
Let c(y) = -13*y + 11. Give c(21).
-262
Let v(g) = g**2 + 22*g - 254. Give v(8).
-14
Let q(c) = -8*c**3 + 4*c**2 - 13*c + 18. What is q(2)?
-56
Let h(s) = -s**3 - 4*s**2 - 10*s - 19. What is h(-3)?
2
Let d(o) = 3*o**2 + 9*o + 28. Calculate d(-11).
292
Let l(x) = -33*x**3 - 96*x**2 - 3*x - 14. Calculate l(-3).
22
Let f(t) = -550*t + 54990. Determine f(100).
-10
Let c(r) = r**3 - 25*r**2 + 84*r + 65. What is c(4)?
65
Let p(o) = -31*o**2 + 21*o + 22. What is p(2)?
-60
Let u(a) = 60*a + 2453. Determine u(-39).
113
Let g(b) = b**3 - 37*b**2 + 32*b + 81. What is g(36)?
-63
Let z(x) = -x**3 - x**2 - 35*x + 124. Give z(4).
-96
Let x(i) = -49*i + 540. What is x(18)?
-342
Let m(x) = -233*x**2 + 947*x + 2. Give m(4).
62
Let w(o) = 12141*o + 109265. Calculate w(-9).
-4
Let w(a) = a**2 - 3657*a + 21903. Give w(6).
-3
Let n(z) = 2*z**2 - 112*z + 203. Determine n(57).
317
Let o(z) = 26*z + 327. Determine o(-13).
-11
Let t(m) = 108*m**2 - 229*m + 228. What is t(1)?
107
Let d(w) = -34*w**2 - 2826*w - 2825. Determine d(-1).
-33
Let d(j) = -8*j**3 - 53*j**2 - 30*j - 15. Calculate d(-6).
-15
Let c(w) = -w**2 + 21*w + 279. Give c(28).
83
Let d(y) = y**2 - 100*y + 2521. Determine d(44).
57
Let p(t) = t**3 + 91*t**2 + 1385*t + 1212. What is p(-72)?
-12
Let l(j) = -11*j**2 + 87*j - 35. Give l(6).
91
Let z(v) = -5*v**2 